{"id":105,"date":"2026-04-08T18:44:16","date_gmt":"2026-04-08T18:44:16","guid":{"rendered":"http:\/\/metaforyszczescia.pl\/?page_id=105"},"modified":"2026-04-09T05:54:26","modified_gmt":"2026-04-09T05:54:26","slug":"cialo-czulosc-powrot-do-siebie-na-majowke","status":"publish","type":"page","link":"http:\/\/metaforyszczescia.pl\/index.php\/cialo-czulosc-powrot-do-siebie-na-majowke\/","title":{"rendered":"Cia\u0142o Czu\u0142o\u015b\u0107 &#8211; Powr\u00f3t do siebie na Maj\u00f3wk\u0119"},"content":{"rendered":"\n<figure class=\"wp-block-image size-large\"><img loading=\"lazy\" decoding=\"async\" width=\"1024\" height=\"576\" src=\"http:\/\/metaforyszczescia.pl\/wp-content\/uploads\/2026\/04\/Cialo-Czulosc-1-1024x576.png\" alt=\"\" class=\"wp-image-106\" srcset=\"http:\/\/metaforyszczescia.pl\/wp-content\/uploads\/2026\/04\/Cialo-Czulosc-1-1024x576.png 1024w, http:\/\/metaforyszczescia.pl\/wp-content\/uploads\/2026\/04\/Cialo-Czulosc-1-300x169.png 300w, http:\/\/metaforyszczescia.pl\/wp-content\/uploads\/2026\/04\/Cialo-Czulosc-1-768x432.png 768w, http:\/\/metaforyszczescia.pl\/wp-content\/uploads\/2026\/04\/Cialo-Czulosc-1-1536x864.png 1536w, http:\/\/metaforyszczescia.pl\/wp-content\/uploads\/2026\/04\/Cialo-Czulosc-1.png 1920w\" sizes=\"auto, (max-width: 1024px) 100vw, 1024px\" \/><\/figure>\n\n\n\n<p><strong>CIA\u0141O \u2013 CZU\u0141O\u015a\u0106 Maj\u00f3wka 30.04 \u2013 03.05<\/strong><\/p>\n\n\n\n<p>Je\u015bli czujesz, \u017ce jeste\u015b zm\u0119czona, napi\u0119ta i trudno Ci naprawd\u0119 odpocz\u0105\u0107 \u2014 ten wyjazd jest dla Ciebie.<\/p>\n\n\n\n<p>To 4 dni, w kt\u00f3rych mo\u017cesz zwolni\u0107 i wr\u00f3ci\u0107 do siebie.<br>Bez presji. Bez oceniania. W swoim tempie.<br>B\u0119dziemy pracowa\u0107 \u0142agodnie i g\u0142\u0119boko \u2014 z cia\u0142em, oddechem i uk\u0142adem nerwowym.<\/p>\n\n\n\n<p>W bezpiecznej, kameralnej przestrzeni.<br>To nie jest intensywny warsztat.<br>To jest do\u015bwiadczenie, kt\u00f3re pozwala Ci odpu\u015bci\u0107 i poczu\u0107 wi\u0119cej lekko\u015bci.<\/p>\n\n\n\n<div class=\"wp-block-media-text is-stacked-on-mobile\"><figure class=\"wp-block-media-text__media\"><img loading=\"lazy\" decoding=\"async\" width=\"1024\" height=\"576\" src=\"http:\/\/metaforyszczescia.pl\/wp-content\/uploads\/2026\/04\/16-1024x576.png\" alt=\"\" class=\"wp-image-146 size-full\" srcset=\"http:\/\/metaforyszczescia.pl\/wp-content\/uploads\/2026\/04\/16-1024x576.png 1024w, http:\/\/metaforyszczescia.pl\/wp-content\/uploads\/2026\/04\/16-300x169.png 300w, http:\/\/metaforyszczescia.pl\/wp-content\/uploads\/2026\/04\/16-768x432.png 768w, http:\/\/metaforyszczescia.pl\/wp-content\/uploads\/2026\/04\/16.png 1366w\" sizes=\"auto, (max-width: 1024px) 100vw, 1024px\" \/><\/figure><div class=\"wp-block-media-text__content\">\n<p><img loading=\"lazy\" decoding=\"async\" height=\"16\" width=\"16\" src=\"https:\/\/static.xx.fbcdn.net\/images\/emoji.php\/v9\/t1e\/1\/16\/1f33f.png\" alt=\"\ud83c\udf3f\">\u00a0<strong>W PROGRAMIE<\/strong><br>&#8211; \u0142agodna Hatha joga<br>&#8211; pranayama (\u015bwiadoma praca z oddechem)<br>&#8211; Joga Nidra \u2013 g\u0142\u0119boki relaks na le\u017c\u0105co, tu tylko odpoczywasz.<br>&#8211; Joga \u015bmiechu \u2013 rozlu\u017anienie i lekko\u015b\u0107<br>&#8211; koncert mis i gong\u00f3w<br>&#8211; k\u0105piele le\u015bne i czas w naturze<br>&#8211; malarstwo intuicyjne<br>&#8211; ognisko i wsp\u00f3lne wieczory<\/p>\n<\/div><\/div>\n\n\n\n<p><strong>Dodatkowo:<\/strong><br>Warsztat:<br>1. naturalne sposoby wyciszenia uk\u0142adu nerwowego (m.in. CBD\/CBG)<br>2. zio\u0142olecznictwo \u2013 tworzenie w\u0142asnych ma\u015bci<\/p>\n\n\n\n<p><img loading=\"lazy\" decoding=\"async\" height=\"16\" width=\"16\" src=\"https:\/\/static.xx.fbcdn.net\/images\/emoji.php\/v9\/tb0\/1\/16\/1f9ed.png\" alt=\"\ud83e\udded\">&nbsp;<strong>PROGRAM WYJAZDU<\/strong><\/p>\n\n\n\n<p><img loading=\"lazy\" decoding=\"async\" height=\"16\" width=\"16\" src=\"https:\/\/static.xx.fbcdn.net\/images\/emoji.php\/v9\/t33\/1\/16\/1f319.png\" alt=\"\ud83c\udf19\">&nbsp;<strong>Czwartek <\/strong>\u2013 zatrzymanie<br>przyjazd i zakwaterowanie<br>otwarcie kr\u0119gu (czu\u0142o\u015b\u0107, bezpiecze\u0144stwo)<br>kolacja<br>Joga Nidra<br>koncert d\u017awi\u0119k\u00f3w<\/p>\n\n\n\n<p><img loading=\"lazy\" decoding=\"async\" height=\"16\" width=\"16\" src=\"https:\/\/static.xx.fbcdn.net\/images\/emoji.php\/v9\/t1e\/1\/16\/1f33f.png\" alt=\"\ud83c\udf3f\">&nbsp;<strong>Pi\u0105tek<\/strong> \u2013 powr\u00f3t do cia\u0142a<\/p>\n\n\n\n<p>pranayama (oddech na rozpocz\u0119cie dnia)<br>Joga \u015bmiechu<br>\u015bniadanie<br>spacer do lasu i sylwoterapia<br>Hatha joga (\u0142agodna praktyka)<br>obiad<br>malarstwo intuicyjne<br>czas wolny<br>kolacja<br>koncert mis i gong\u00f3w + wyciszenie<\/p>\n\n\n\n<p><img loading=\"lazy\" decoding=\"async\" height=\"16\" width=\"16\" src=\"https:\/\/static.xx.fbcdn.net\/images\/emoji.php\/v9\/t50\/1\/16\/1f525.png\" alt=\"\ud83d\udd25\">&nbsp;<strong>Sobota<\/strong> \u2013 puszczenie i lekko\u015b\u0107<\/p>\n\n\n\n<p>pranayama + Joga \u015bmiechu<br>\u015bniadanie<br>spacer i k\u0105piel le\u015bna<br>Hatha joga<br>obiad<br>naturalne metody wyciszenia (CBD\/CBG)<br>czas wolny<br>kolacja<br>Joga Nidra<br>ognisko<\/p>\n\n\n\n<p><img loading=\"lazy\" decoding=\"async\" height=\"16\" width=\"16\" src=\"https:\/\/static.xx.fbcdn.net\/images\/emoji.php\/v9\/t90\/1\/16\/1f305.png\" alt=\"\ud83c\udf05\">&nbsp;<strong>Niedziela<\/strong> \u2013 integracja do\u015bwiadcze\u0144<\/p>\n\n\n\n<p>pranayama + Joga \u015bmiechu<br>\u015bniadanie<br>spacer<br>Hatha joga<br>obiad<br>zio\u0142olecznictwo \u2013 w\u0142asna mieszanka \/ ma\u015bci<br>podsumowanie i zamkni\u0119cie<\/p>\n\n\n\n<div class=\"wp-block-media-text is-stacked-on-mobile\"><figure class=\"wp-block-media-text__media\"><video controls src=\"http:\/\/metaforyszczescia.pl\/wp-content\/uploads\/2026\/04\/Cialo-Czulosc.mp4\"><\/video><\/figure><div class=\"wp-block-media-text__content\">\n<p><img loading=\"lazy\" decoding=\"async\" height=\"16\" width=\"16\" src=\"https:\/\/static.xx.fbcdn.net\/images\/emoji.php\/v9\/t15\/1\/16\/1f49b.png\" alt=\"\ud83d\udc9b\">&nbsp;<strong>DLA KOGO<\/strong><\/p>\n\n\n\n<p>Dla Ciebie, je\u015bli:<\/p>\n\n\n\n<p>czujesz napi\u0119cie i zm\u0119czenie<br>trudno Ci si\u0119 zatrzyma\u0107<br>chcesz wr\u00f3ci\u0107 do cia\u0142a i spokoju<br>potrzebujesz przestrzeni tylko dla siebie<\/p>\n<\/div><\/div>\n\n\n\n<p><img loading=\"lazy\" decoding=\"async\" height=\"16\" width=\"16\" src=\"https:\/\/static.xx.fbcdn.net\/images\/emoji.php\/v9\/t1e\/1\/16\/1f33f.png\" alt=\"\ud83c\udf3f\">&nbsp;<strong>INFORMACJE<\/strong><\/p>\n\n\n\n<p>termin: <strong>30.04 \u2013 03.05<\/strong><br>Gdzie: Noclegi Le\u015bne Zacisze Osieczany, ko\u0142o My\u015blenic.<br>Dojazd: Myslenice- st\u0105d Ci\u0119 odbior\u0119, je\u015bli potrzebujesz transportu.<br>kameralna grupa: max 8\u20139 os\u00f3b<br>pe\u0142ne wy\u017cywienie (\u015bniadania, obiady, kolacje)<\/p>\n\n\n\n<p><img loading=\"lazy\" decoding=\"async\" height=\"16\" width=\"16\" src=\"https:\/\/static.xx.fbcdn.net\/images\/emoji.php\/v9\/tc0\/1\/16\/1f4e9.png\" alt=\"\ud83d\udce9\">&nbsp;<strong>zapisy: kreujlifepl@gmail.com lub 601261622<\/strong><\/p>\n\n\n\n<p>Nie musisz nic udowadnia\u0107.<br>Nie musisz \u201erobi\u0107 dobrze\u201d.<br><img loading=\"lazy\" decoding=\"async\" height=\"16\" width=\"16\" src=\"https:\/\/static.xx.fbcdn.net\/images\/emoji.php\/v9\/t51\/1\/16\/1f449.png\" alt=\"\ud83d\udc49\">\u00a0mo\u017cesz po prostu przyjecha\u0107 i by\u0107.<br>Uwaga: dodatkowo Dogoterapia &#8211; mamy dwa przes\u0142odkie pieski\u00a0<img loading=\"lazy\" decoding=\"async\" height=\"16\" width=\"16\" src=\"https:\/\/static.xx.fbcdn.net\/images\/emoji.php\/v9\/t81\/1\/16\/1f60c.png\" alt=\"\ud83d\ude0c\"><br>Cena:<br><strong>1600 z\u0142 \u2013 early bird (do 20.04 lub dla pierwszych 4 os\u00f3b)<br>1800 z\u0142 \u2013 cena regularna<\/strong><br>Zawiera nocleg, wy\u017cywienie, warsztaty.<\/p>\n\n\n\n<p><strong>Poznaj nas:<\/strong><\/p>\n\n\n\n<figure class=\"wp-block-gallery has-nested-images columns-default is-cropped wp-block-gallery-1 is-layout-flex wp-block-gallery-is-layout-flex\">\n<figure class=\"wp-block-image size-large\"><img loading=\"lazy\" decoding=\"async\" width=\"768\" height=\"1024\" data-id=\"154\" src=\"http:\/\/metaforyszczescia.pl\/wp-content\/uploads\/2026\/04\/Przemek-1-768x1024.jpg\" alt=\"\" class=\"wp-image-154\" srcset=\"http:\/\/metaforyszczescia.pl\/wp-content\/uploads\/2026\/04\/Przemek-1-768x1024.jpg 768w, http:\/\/metaforyszczescia.pl\/wp-content\/uploads\/2026\/04\/Przemek-1-225x300.jpg 225w, http:\/\/metaforyszczescia.pl\/wp-content\/uploads\/2026\/04\/Przemek-1.jpg 900w\" sizes=\"auto, (max-width: 768px) 100vw, 768px\" \/><figcaption class=\"wp-element-caption\">Przemek (Dolina Konopna)<\/figcaption><\/figure>\n\n\n\n<figure class=\"wp-block-image size-large\"><img loading=\"lazy\" decoding=\"async\" width=\"1024\" height=\"736\" data-id=\"153\" src=\"http:\/\/metaforyszczescia.pl\/wp-content\/uploads\/2026\/04\/Monika-Moku-1-1024x736.jpg\" alt=\"\" class=\"wp-image-153\" srcset=\"http:\/\/metaforyszczescia.pl\/wp-content\/uploads\/2026\/04\/Monika-Moku-1-1024x736.jpg 1024w, http:\/\/metaforyszczescia.pl\/wp-content\/uploads\/2026\/04\/Monika-Moku-1-300x215.jpg 300w, http:\/\/metaforyszczescia.pl\/wp-content\/uploads\/2026\/04\/Monika-Moku-1-768x552.jpg 768w, http:\/\/metaforyszczescia.pl\/wp-content\/uploads\/2026\/04\/Monika-Moku-1-1536x1103.jpg 1536w, http:\/\/metaforyszczescia.pl\/wp-content\/uploads\/2026\/04\/Monika-Moku-1.jpg 2048w\" sizes=\"auto, (max-width: 1024px) 100vw, 1024px\" \/><figcaption class=\"wp-element-caption\">Monika (Moku Therapy)<\/figcaption><\/figure>\n\n\n\n<figure class=\"wp-block-image size-large\"><img loading=\"lazy\" decoding=\"async\" width=\"1009\" height=\"1024\" data-id=\"152\" src=\"http:\/\/metaforyszczescia.pl\/wp-content\/uploads\/2026\/04\/Ewa-1-1009x1024.jpg\" alt=\"\" class=\"wp-image-152\" srcset=\"http:\/\/metaforyszczescia.pl\/wp-content\/uploads\/2026\/04\/Ewa-1-1009x1024.jpg 1009w, http:\/\/metaforyszczescia.pl\/wp-content\/uploads\/2026\/04\/Ewa-1-296x300.jpg 296w, http:\/\/metaforyszczescia.pl\/wp-content\/uploads\/2026\/04\/Ewa-1-768x779.jpg 768w, http:\/\/metaforyszczescia.pl\/wp-content\/uploads\/2026\/04\/Ewa-1.jpg 1162w\" sizes=\"auto, (max-width: 1009px) 100vw, 1009px\" \/><figcaption class=\"wp-element-caption\">Ewa (Metafory Szcz\u0119\u015bcia)<\/figcaption><\/figure>\n\n\n\n<figure class=\"wp-block-image size-large\"><img loading=\"lazy\" decoding=\"async\" width=\"1024\" height=\"655\" data-id=\"155\" src=\"http:\/\/metaforyszczescia.pl\/wp-content\/uploads\/2026\/04\/IMG_20250910_134622-1024x655.jpg\" alt=\"\" class=\"wp-image-155\" srcset=\"http:\/\/metaforyszczescia.pl\/wp-content\/uploads\/2026\/04\/IMG_20250910_134622-1024x655.jpg 1024w, http:\/\/metaforyszczescia.pl\/wp-content\/uploads\/2026\/04\/IMG_20250910_134622-300x192.jpg 300w, http:\/\/metaforyszczescia.pl\/wp-content\/uploads\/2026\/04\/IMG_20250910_134622-768x491.jpg 768w, http:\/\/metaforyszczescia.pl\/wp-content\/uploads\/2026\/04\/IMG_20250910_134622-1536x983.jpg 1536w, http:\/\/metaforyszczescia.pl\/wp-content\/uploads\/2026\/04\/IMG_20250910_134622-2048x1310.jpg 2048w\" sizes=\"auto, (max-width: 1024px) 100vw, 1024px\" \/><figcaption class=\"wp-element-caption\">Kamil (Kamilove Wibracje)<\/figcaption><\/figure>\n<\/figure>\n\n\n\n<p><br><strong><em>Ewa Kapera<\/em><\/strong><\/p>\n\n\n\n<p>Pedagog, Coach Rado\u015bci i Zmian, Trenerka Mentalna, Terapeuta D\u017awi\u0119kiem (koncerty i masa\u017ce misami tybeta\u0144skimi).<br>Terapeutka Access Bars\u00ae, Facelift\u00ae oraz MTVSS\u00ae, Mistrzyni Kundalini Reiki, Refleksolog,<br>Instruktorka Malarstwa Intuicyjnego i Jogi \u015amiechu, Instruktorka Jogi Nidry, Nauczycielka Hatha Jogi, Facylitator Ustawie\u0144 Systemowych.<\/p>\n\n\n\n<p>Kobieta z 15 letnim sta\u017cem w jednej z najwi\u0119kszych korporacji we Wroc\u0142awiu (Administracja, Rekrutacja, HR, Produkcja), prowadz\u0119 w\u0142asn\u0105 praktyk\u0119 i firm\u0119 ale to nie tylko. Organizuj\u0119 warsztaty, kursy oraz wyjazdy rozwojowe. Integruj\u0119 Ludzi i buduj\u0119 Przestrze\u0144 opart\u0105 na Bezpiecze\u0144stwie i Zaufaniu. Na tym nie przestaj\u0119 i wci\u0105\u017c realizuj\u0119 kolejne marzenia. Jednym z nich jest projekt Metafory Szcz\u0119\u015bcia.<\/p>\n\n\n\n<p><strong><em>Kamil Kacpura ( masa\u017ce d\u017awi\u0119kiem)<\/em><\/strong><br>Praktyk Soul Body Fusion, Usui Reiki, Theta Healling. Jestem mistrzem Kundalini Reiki. Praktykiem Access Bars.<\/p>\n\n\n\n<p>Jednak to, co jest prawdziwym przekazem mojej Duszy, to d\u017awi\u0119ki, melodie i kompozycje, kt\u00f3re powstaj\u0105 podczas koncert\u00f3w i masa\u017cy d\u017awi\u0119kiem.<\/p>\n\n\n\n<p>Jestem wtedy w prawdziwym po\u0142\u0105czeniu ze \u0179r\u00f3d\u0142em Wszystkiego, co Jest.<\/p>\n\n\n\n<p>Pasjonuj\u0119 si\u0119 r\u00f3wnie\u017c naturalnymi suplementami i zio\u0142ami wspieraj\u0105cymi odporno\u015b\u0107 i regeneracj\u0119 organizmu.<\/p>\n\n\n\n<p><strong><em>Monika Kulczycka (Ziololecznictwo)<\/em><\/strong><\/p>\n\n\n\n<p>Za\u0142o\u017cycielka i serce MOKU therapy w My\u015blenicach<\/p>\n\n\n\n<p>Monika jest dyplomowan\u0105 zielark\u0105 i fitoterapeutk\u0105, kt\u00f3ra od lat z pasj\u0105 i g\u0142\u0119bok\u0105 wiedz\u0105 wspiera zdrowie w spos\u00f3b kompleksowy i holistyczny. Patrzy na cz\u0142owieka jako ca\u0142o\u015b\u0107 &#8211; cia\u0142o, umys\u0142 i ducha &#8211; dbaj\u0105c przede wszystkim o profilaktyk\u0119 i naturalne wspomaganie organizmu.<\/p>\n\n\n\n<p>W swojej pracy \u0142\u0105czy terapie manualne, ba\u0144ki chi\u0144skie, terapie wodorow\u0105 z bogat\u0105 wiedz\u0105 zielarsk\u0105 i fitoterapi\u0105, tworz\u0105c indywidualne, bezpieczne i skuteczne podej\u015bcie do ka\u017cdego klienta.<\/p>\n\n\n\n<p>Prowadzi miejsce, gdzie staro\u017cytna m\u0105dro\u015b\u0107 natury spotyka si\u0119 ze wsp\u00f3\u0142czesn\u0105 \u015bwiadomo\u015bci\u0105. To przestrze\u0144, w kt\u00f3rej ka\u017cdy mo\u017ce znale\u017a\u0107 wsparcie w powrocie do r\u00f3wnowagi, regeneracji i lepszego samopoczucia &#8211; bez chemii, za to z szacunkiem dla cia\u0142a i jego naturalnych mechanizm\u00f3w.<\/p>\n\n\n\n<p>Monika to nie tylko specjalistka, ale przede wszystkim osoba z ogromnym sercem do ludzi i natury.<\/p>\n\n\n\n<p><strong><em>Przemys\u0142aw Ptak (naturalne metody wyciszenia)<\/em><\/strong><\/p>\n\n\n\n<p>Firma oraz sklep Dolina Konopna powsta\u0142a z mi\u0142o\u015bci oraz pasji do ro\u015bliny jak\u0105 jest Konopia.<\/p>\n\n\n\n<p>Konopiami interesuje si\u0119 od kilkunastu lat, a od kilku zajmuj\u0119 si\u0119 nimi zawodowo.<br>Do\u015bwiadczenie w zakresie uprawy i przetw\u00f3rstwa zdoby\u0142em poprzez uko\u0144czenie kursu i zdobycia certyfikatu:<br>\u201eHemp Cultivation Basics (Field Cultivation) w 2020 roku, oraz po przez prowadzenie od kilku lat w\u0142asnej uprawy konopi w\u0142\u00f3knistych.<\/p>\n\n\n\n<p>Z zawodu jestem Terapeut\u0105 Konopnym kierunek uko\u0144czy\u0142em w Instytucie Zielarstwa Polskiego i Terapii naturalnych w Warszawie. Uko\u0144czy\u0142em r\u00f3wnie\u017c kursy:<br>\u201eCannabis Therapy Course\u201d w 2020 roku.<\/p>\n","protected":false},"excerpt":{"rendered":"<p>CIA\u0141O \u2013 CZU\u0141O\u015a\u0106 Maj\u00f3wka 30.04 \u2013 03.05 Je\u015bli czujesz, \u017ce jeste\u015b zm\u0119czona, napi\u0119ta i trudno Ci naprawd\u0119 odpocz\u0105\u0107 \u2014 ten wyjazd jest dla Ciebie. To 4 dni, w kt\u00f3rych mo\u017cesz zwolni\u0107 i wr\u00f3ci\u0107 do siebie.Bez presji. Bez oceniania. W swoim tempie.B\u0119dziemy pracowa\u0107 \u0142agodnie i g\u0142\u0119boko \u2014 z cia\u0142em, oddechem i uk\u0142adem nerwowym. W bezpiecznej, kameralnej [&hellip;]<\/p>\n","protected":false},"author":1,"featured_media":0,"parent":0,"menu_order":0,"comment_status":"closed","ping_status":"closed","template":"","meta":{"footnotes":""},"class_list":["post-105","page","type-page","status-publish","hentry"],"_links":{"self":[{"href":"http:\/\/metaforyszczescia.pl\/index.php\/wp-json\/wp\/v2\/pages\/105","targetHints":{"allow":["GET"]}}],"collection":[{"href":"http:\/\/metaforyszczescia.pl\/index.php\/wp-json\/wp\/v2\/pages"}],"about":[{"href":"http:\/\/metaforyszczescia.pl\/index.php\/wp-json\/wp\/v2\/types\/page"}],"author":[{"embeddable":true,"href":"http:\/\/metaforyszczescia.pl\/index.php\/wp-json\/wp\/v2\/users\/1"}],"replies":[{"embeddable":true,"href":"http:\/\/metaforyszczescia.pl\/index.php\/wp-json\/wp\/v2\/comments?post=105"}],"version-history":[{"count":2,"href":"http:\/\/metaforyszczescia.pl\/index.php\/wp-json\/wp\/v2\/pages\/105\/revisions"}],"predecessor-version":[{"id":156,"href":"http:\/\/metaforyszczescia.pl\/index.php\/wp-json\/wp\/v2\/pages\/105\/revisions\/156"}],"wp:attachment":[{"href":"http:\/\/metaforyszczescia.pl\/index.php\/wp-json\/wp\/v2\/media?parent=105"}],"curies":[{"name":"wp","href":"https:\/\/api.w.org\/{rel}","templated":true}]}}